rime factors of (6/l)/(10/(-285))?
19
Suppose 4*a + 12 = 28. Let j = -25 - -42. Suppose -3*m + 1 = g, a*g - 3*m + 2*m - j = 0. List the prime factors of g.
2
Let x = -3 - -14. List the prime factors of x.
11
Let i = -657 - -964. List the prime factors of i.
307
Let n(p) = -p**2 - 7*p. Suppose f = -2*u - 3*u - 9, -3*f - 5*u - 17 = 0. List the prime factors of n(f).
2, 3
Let d = -380 + 546. List the prime factors of d.
2, 83
Suppose 2*z - 4*g = 24, 3*z - 26 = 5*g + 5. List the prime factors of z.
2
Let s be (-22)/(-8) - 6/8. Let i be (s - 14/4)*-2. Suppose 5*b + 3 = -5*r + 33, 0 = -i*r + b + 22. What are the prime factors of r?
7
Let h be -4*1/(3/(-6)). Let f(m) = 81 - 88 - 3*m + 6*m. List the prime factors of f(h).
17
Let m(j) = j**2 + j - 1. List the prime factors of m(2).
5
Let x(q) = -q**3 - 6*q**2 - 4*q - 1. Suppose 3*z = -4*p - 26, 2*p = -5*z + 1 - 63. Let y = z + 8. What are the prime factors of x(y)?
23
Let f(w) = w**3 - w**2 + w. Let k be f(0). What are the prime factors of 0 + k + 4 + 3?
7
Let t(f) = f**3 - 2*f**2 - 8. List the prime factors of t(5).
67
List the prime factors of (-15)/10 + (-151)/(-2).
2, 37
Let z(c) = 13*c**3 + c**2 - c - 1. Let u be z(-1). Let s = u + 20. List the prime factors of s.
2
Let q(d) = d**2 + 7*d + 4. List the prime factors of q(-9).
2, 11
Suppose 0 = -0*z + 2*z. Let v = z + 5. List the prime factors of v.
5
Let p be (-11 - 2) + 1*2. Let k(n) = 3*n**2 - 12*n + 9. Let a(g) = 16*g**2 - 60*g + 44. Let d(r) = p*k(r) + 2*a(r). What are the prime factors of d(10)?
3
Let g = -122 + 207. Suppose 5*d - g = -10. List the prime factors of d.
3, 5
Let z = 4 - -1. Suppose -z - 1 = -2*l. List the prime factors of (-13)/(l/(-6)*2).
13
Suppose -2*a + 20 = -a - g, 0 = -a + 5*g + 28. Suppose -3*v = 2*v + y + a, 8 = 4*y. What are the prime factors of 267/21 + v/(-14)?
13
What are the prime factors of -1 + (3 - (-2)/10*0)?
2
Let m = -297 + -61. Let y be (-3)/(-18) - m/12. Suppose 4*i - i + y = 3*b, -4*b + 40 = -i. What are the prime factors of b?
2, 5
Let j(i) = i**2 + 6*i + 6. Let s be j(-6). Let r be s - (4 + -1) - 3. Suppose -2*f + 26 + 11 = -3*z, r = -2*f - 3*z + 7. What are the prime factors of f?
11
Let g be (-2 - (-806 + -1)) + -1. Suppose 2*v = p + 322, v - g = -4*v + 2*p. What are the prime factors of 2/7 - v/(-28)?
2, 3
Suppose -5*x + 203 = 3*d, x + 0*d - 47 = d. List the prime factors of x.
43
Let h(z) = -2*z**2 - 2*z + 1. Let u be h(-2). List the prime factors of 6 + (-3)/u*-1.
5
Suppose 28 = 3*d - 80. List the prime factors of d.
2, 3
Let q(a) = -23*a + 7. What are the prime factors of q(-8)?
191
Let o = 76 - 42. List the prime factors of o.
2, 17
Suppose 0 = a - 60 + 30. List the prime factors of a.
2, 3, 5
Let p(r) = -2*r**2 - 5*r - 5. Let g be p(-4). What are the prime factors of 3 - g - 1 - 1?
2, 3
Let y = 6 - -27. What are the prime factors of y?
3, 11
Suppose -7*g + 2*g = -s - 675, 10 = -2*s. List the prime factors of g.
2, 67
Let v = -6 + 7. Let l = v - -14. List the prime factors of l.
3, 5
Suppose -20 = -3*z + 2*k + 3*k, -2*z = -5*k - 5. What are the prime factors of z?
3, 5
Suppose -2*j + 43 = 7. List the prime factors of j.
2, 3
Let z = 40 - 11. List the prime factors of z.
29
Let b be 11 - -2 - (0 - -1). What are the prime factors of b/(-18)*(1 + -4)?
2
Let s(x) = -x**2 - 7*x - 1. Let i = -13 + 7. Let c be s(i). Suppose l + 14 = 4*r + 3*l, 4*r + 1 = -c*l. List the prime factors of r.
2, 3
Let n = -45 - -66. List the prime factors of n.
3, 7
What are the prime factors of 2/3 - (0 + 516/(-9))?
2, 29
Let y(p) = -13*p - 6. Let r(w) = -w**2 - 4*w + 2. Let b be r(-5). List the prime factors of y(b).
3, 11
Let l be (-3 - 1)*2/4. Let o = -4 + l. Let c = o - -13. What are the prime factors of c?
7
Let s(i) = i - 20. Let w be s(20). Suppose k + 2*k - 3 = -3*b, 0 = b + 3*k + 5. Suppose 5*h - 49 + b = w. List the prime factors of h.
3
Let y(d) = 4*d**2 - d - 7. Let v be y(5). What are the prime factors of ((-2)/4)/((-4)/v)?
11
Let s(m) = m + 13. Let w be s(-11). Suppose -3*c - 19 = -r, c + 1 - 39 = -w*r. What are the prime factors of r?
19
Let y be (0/(-3))/((-3)/1). Suppose y = 5*j - 15 + 5. What are the prime factors of j?
2
Suppose -5*i + 0*i = 0. Suppose i = t + t. Suppose 4*g = -t*g + 24. List the prime factors of g.
2, 3
Suppose -2*c = 4*o - 0*o - 24, c - o + 3 = 0. Suppose -2*t - c*f = -4, -3*f - 1 = -t + 1. List the prime factors of t.
2
Suppose 0 = -4*g - g + 275. Let y = g - 37. List the prime factors of y.
2, 3
Let y(o) = o**3 + o**2 + o + 73. List the prime factors of y(0).
73
Let h(m) = -2*m + 36. List the prime factors of h(-11).
2, 29
Let r = 85 - 24. What are the prime factors of r?
61
Suppose -5*a + 863 = -3*j + 37, -3*j = 3*a - 510. What are the prime factors of a?
167
Suppose 2*x = -2*x + 8. Suppose x*o - t = 16, 5*o + t - 29 = -2*t. List the prime factors of o.
7
Let d be (-9 - -3)/((-6)/4). Suppose d*b + u - 85 = 0, 3*b + 0*b = u + 55. What are the prime factors of b?
2, 5
Suppose -2*f + 4*w + 234 = 0, 474 = 4*f + 3*w - 5*w. What are the prime factors of f?
7, 17
Suppose 0 = -2*b + 5*m + 39 - 8, -b - 2 = m. Let t be -3 - (-3)/(b/8). Suppose t*o = 3*o + 14. What are the prime factors of o?
7
Suppose 4*c + 2*t = -22, -9 = c - 4*t + t. Let b(n) = -n**2 - 5*n + 6. Let v be b(c). Suppose -3*q + v*q + 57 = 0. What are the prime factors of q?
19
Let r(g) = -7*g + 12. What are the prime factors of r(-4)?
2, 5
Let u = 43 + -13. Suppose -2*n + 24 = -6*g + g, u = 4*n - g. Let z(b) = -b**2 + 7*b + 6. What are the prime factors of z(n)?
2, 3
Let p = 128 + -120. List the prime factors of p.
2
Let k(w) = w**3 - 3*w**2 - 2*w**3 + 6*w + 2 - 5. List the prime factors of k(-5).
17
Suppose 5*z - 2*d - 10 = 3*d, -5*z = 3*d - 10. Suppose -z*u + 24 = -0*u. List the prime factors of u.
2, 3
Let s be (2*(-93)/(-6))/1. Let p = 17 - s. Let h = -10 - p. List the prime factors of h.
2
Suppose -7*a + 6*a = -27. What are the prime factors of a?
3
Suppose 5*j + 15 = 0, 3*j + 12 - 2 = n. What are the prime factors of (78/(-12))/(n/(-2))?
13
Suppose 2*r = -3*r + 155. Let t = r + 14. Suppose 3*x + 3*g - t = 0, 4*x - 3*g + 4 - 64 = 0. What are the prime factors of x?
3, 5
Let m(p) = p**3 + p**2 - p - 2. Let c be m(2). Let x be 2/(-6) - (-5)/(-3). Let f = x + c. List the prime factors of f.
2, 3
Suppose -31 = -3*c + 146. List the prime factors of c.
59
What are the prime factors of 1/((-1)/(-34)) + -4?
2, 3, 5
Let t = 22 + -12. Let i be ((-16)/(-10))/((-1)/(-10)). Let m = i - t. What are the prime factors of m?
2, 3
Let b = -436 - -139. List the prime factors of b/18*(2 + -4).
3, 11
Let w(k) = k**3 + 9*k**2. Let m(g) = -4*g**3 - 28*g**2. Let v(h) = 2*m(h) + 7*w(h). Let u be v(7). Suppose u*d - d = -10. List the prime factors of d.
2, 5
Let t(d) = -2*d - 2 - 12*d - d. What are the prime factors of t(-2)?
2, 7
Suppose -5*f + 7*x = 3*x - 13, 0 = 3*f + 4*x - 27. Suppose -57 = -f*z + 18. List the prime factors of z.
3, 5
Suppose -5*a + 4*q = 9, -3*q - 3 = 4*a - 2. What are the prime factors of a - 0 - (-80)/2?
3, 13
Let o be 3/(-2)*(-3 - -1). Let k be (((-3)/o)/(-1))/1. Suppose -m = -3 - k. What are the prime factors of m?
2
Let w(u) = -u**2 - 3*u + 1. Let s be w(-5). What are the prime factors of 2*s/(-12)*2?
3
Suppose 6*q - 175 = 23. What are the prime factors of q?
3, 11
Let a = -36 - -110. What are the prime factors of a?
2, 37
Suppose 5*d + 42 = 3*d. Let n = -9 - d. What are the prime factors of n?
2, 3
Let i(z) = z + 12. Let x be i(10). Suppose -4*g = -58 - x. What are the prime factors of g?
2, 5
Let m be (20/(-6))/(12/(-18)). Let a be m/1 - (-1 - -1). Suppose 0 = a*s - 9 - 1. What are the prime factors of s?
2
Let m(o) = o**2 + 15*o + 32. What are the prime factors of m(-13)?
2, 3
Let z(t) = -4*t + 34. List the prime factors of z(-3).
2, 23
List the prime factors of ((-33)/9)/(2/(-18)).
3, 11
Let l = -50 + 82. List the prime factors of l.
2
Suppose 0*j - 5*j + 18 = 4*m, 2*j + 3*m = 10. Suppose 0 = j*w + l - 58, -w - w + 2*l + 52 = 0. List the prime factors of w.
2, 7
Let n(a) = -a**3 - 10*a**2 - 2*a + 2. Let g(s) = s**2 - 7*s - 10. Let p be g(7). Let o be n(p). Suppose -o = -6*h + 4*h. List the prime factors of h.
11
Let b be ((-272)/(-12))/(2/(-6)). List the prime factors of b/6*(-12)/8.
17
Let u(p) = p**2 - 4*p + 7. Le